= p. Suppose 3*f + 2*h = 44, p*f - 38 - 17 = h. What is the units digit of f?
4
Let x be (-8)/(-14) - (-12)/28. Suppose -4*z + 19 = -x. What is the units digit of z?
5
Let k be (-1)/2 + 35/(-10). Let f(x) = -8*x**2 - x - 2. Let p be f(-1). Let v = k - p. What is the units digit of v?
5
Let l be 5/(-10) + 33/2. Suppose 4*q + l = 4*o, 0 = 4*o - q - 25 - 0. Suppose -h + w = -12, -90 = -o*h + 2*h - 5*w. What is the tens digit of h?
1
Suppose 2*c - 3*k = -48, 2*c + 3*k = c - 15. Let y = c + 30. What is the units digit of y?
9
Let m(y) = -4*y**2 - 12 - y**3 - 2*y - y + y - 4*y**2. What is the units digit of m(-8)?
4
Suppose -5*l = -4*g - 1, -l - 22 = -2*g - 3*l. What is the units digit of g?
6
Suppose -y - 5*h + 3*h = -43, -3*y - 2*h = -149. What is the units digit of y?
3
Suppose f + 20 = 6*f, -5*k - 2*f = -43. Let p(s) = -s + 7. Let w be p(k). Suppose w = -3*j + 24 + 3. What is the units digit of j?
9
Suppose -3*b - 11 = -35. What is the units digit of b?
8
Suppose -2*h - 12 = -0*h. Let f be h/(-8) - 6/8. Let c = 8 - f. What is the units digit of c?
8
Let b(n) = 2*n**3 - 12*n**2 + 8*n - 6. What is the hundreds digit of b(7)?
1
Let m = 14 + 2. Suppose -4*q + 11 = -3*h, 3*h = 5*h + 2*q - m. What is the units digit of h?
3
Let v(o) = o**3 - 3*o**2 + 4*o - 3. Let q = -12 - -18. Suppose 4*h + q = 18. What is the units digit of v(h)?
9
Let k = 17 + 45. Suppose f = -f + k. What is the units digit of f?
1
Let x(i) = 8*i - 13. What is the tens digit of x(6)?
3
Let m = 12 - -9. What is the tens digit of m?
2
Suppose 11 = 2*u - x, -u + 3*x + 9 - 1 = 0. Suppose 22 = 3*h + u*l, 4*h - 42 = l - 5. What is the units digit of h?
9
Let h be 6 + 4*(-3)/(-6). Let w = 7 - h. What is the units digit of w*(-2)/2 - 0?
1
Suppose c + 14 = 4. Let p = -6 - c. Suppose -p = -i + 9. What is the tens digit of i?
1
Let z = 5 - 2. Suppose -6 - z = -3*d. What is the units digit of d?
3
Let n(d) = -4*d - 1. What is the units digit of n(-6)?
3
Suppose 533 = 5*x + 3*j + 146, -1 = j. Suppose v + 2*v = x. What is the units digit of v?
6
Suppose 0 = -3*q - 5*x - 19, -5*q + 4*x = -11 - 19. Suppose 0 = -q*v - 3*v + 65. What is the units digit of v?
3
Let f(j) = 2*j + 8. Let k be f(-4). Suppose k = 3*b + 2*b - 90. What is the tens digit of b?
1
Suppose 3*c = -4*m + 49, -3*c + 94 = -4*m + 29. Suppose -3 = 4*v - c. What is the units digit of v?
4
Let z(p) = -4*p - 12. What is the units digit of z(-9)?
4
Let a = 12 + -9. What is the units digit of (-3 + 25 + a)/1?
5
Let a(s) be the first derivative of 5*s**3/3 - 3*s**2/2 + 3*s - 3. What is the tens digit of a(2)?
1
Let o be (1 + 0)*(-2 - -4). Let z be o/9 + 2181/27. Suppose 5*w = z - 36. What is the units digit of w?
9
Let q = 33 - 5. What is the tens digit of q?
2
Suppose 0 = z + 1. Let m = z - -4. What is the units digit of m?
3
Let u = 1 + 0. What is the units digit of ((-1)/2)/(u/(-36))?
8
Suppose 90 = -3*p - 0. Let a = p + 51. What is the tens digit of a?
2
Let a(p) = 9*p**2 - 6*p + 7. What is the hundreds digit of a(-4)?
1
Suppose 3*f = -s + 66, 4*f + 0*s - 72 = 4*s. What is the units digit of f?
1
Let w(m) = -2*m + 5. What is the units digit of w(-4)?
3
Let g be -7 - 0/(-3 - -6). Let j(f) = f**3 + 6*f**2 - 7*f + 1. What is the units digit of j(g)?
1
Suppose 4*q + o = -5, 2*q - 15 = 3*q + 3*o. Suppose 3*a + 0*a = q. Let j = 9 - a. What is the units digit of j?
9
Let h = -16 + 42. What is the units digit of h?
6
Suppose -2*w = -5*r - 41, 0 = -r - 5*w + 12 - 4. Let f be 15/10*26/3. Let z = f + r. What is the units digit of z?
6
Suppose 9*d = 15 + 30. What is the units digit of d?
5
What is the tens digit of (66/4)/(6/8)?
2
Suppose 8*s - 7*s = 0. Suppose 3*c = -s*c + 9. Suppose -c*f + 2 = -7. What is the units digit of f?
3
Let y(p) = -p**2 - 5*p + 6. Let r be y(-5). Suppose x + 4*x = -10. What is the units digit of (r/3)/x + 5?
4
Let u(c) = 5 - c**3 - 5 + 4*c**2 + 2*c - 2. What is the units digit of u(-2)?
8
Suppose -u + 3*u + 34 = 3*d, 5*d = -5*u + 40. What is the tens digit of d?
1
Let u(g) = g**3 - 2*g**2 - g - 3. Let c be u(3). Suppose 100 = 4*l - 4*s, -2*l + c*l - 28 = 4*s. Let w = -13 + l. What is the units digit of w?
1
Let k(g) = g**3 + 5*g**2 - 7*g - 5. Suppose -5*t = 2*f - t + 16, -2*t = 3*f + 20. Let h be k(f). Suppose 0 = 2*q - 3*q + h. What is the units digit of q?
1
Let g(x) = 2*x + 5. Suppose 3*q + d + 0 = -1, 0 = -q - 5*d + 9. Let z(w) = 6*w**2 - 1. Let m be z(q). What is the tens digit of g(m)?
1
Suppose -3 = -2*m - 5*y - 4, m + 2*y = 2. What is the tens digit of m?
1
Let c = 3 - -51. What is the tens digit of c?
5
Let c = -4 + 6. Suppose -c*v = -2*i - i - 96, 2*v = -2*i + 96. What is the units digit of v?
8
Suppose 0*n + n - 8 = 0. Let m = n - -8. What is the units digit of m?
6
Suppose -5*x = -6*d + 4*d + 124, -4*x - d = 94. Let p = -10 + 3. Let k = p - x. What is the tens digit of k?
1
Let x = 10 + -5. Suppose 2*p = 3*l + 5, l = p + 2*l - x. What is the units digit of p?
4
Let m = 63 - 103. Let a = m + 67. What is the tens digit of a?
2
Let h be (-6)/9*6/(-4). Let o(l) = l**2 - 6*l + 5. Let f be o(5). Suppose -n + 0 + h = f. What is the units digit of n?
1
Suppose 2*j = -j + 15. Suppose 0 = -4*z + j*z. Suppose t = -q + 3, z = 3*t + 2*t + q - 15. What is the units digit of t?
3
Let y(n) be the first derivative of n**3/3 - n**2 + 4*n - 5. What is the tens digit of y(-3)?
1
What is the units digit of (-3 - 0)/(3/(-10))?
0
Suppose 0 = -3*b - 8*v + 3*v + 56, -2*b = -2*v - 48. What is the tens digit of (-57)/(-2) + (-11)/b?
2
Let g(y) = y**3 - 7*y - 1. What is the units digit of g(4)?
5
What is the units digit of (8/20)/((-3)/(-210))?
8
What is the units digit of (3/(-6))/((-2)/44)?
1
Suppose 5*p = p + 20. Let c = p + 5. What is the units digit of c?
0
Let h = -7 - -22. Suppose 2*b = -n + 16, h + 3 = 2*n - 3*b. Suppose -2*w + n = -16. What is the tens digit of w?
1
Let k = 55 + -54. What is the units digit of k?
1
Let p = 9 + -5. Let q = 12 - 7. Suppose 2*u - 6*u = q*r - p, 0 = 2*r + u - 4. What is the units digit of r?
4
Suppose 0 = -2*h - 5*k + 86 - 26, -h + 36 = 4*k. What is the tens digit of h?
2
Suppose j = -0*x + 2*x + 130, -x = -3*j + 385. What is the tens digit of j?
2
Let s = -23 - -19. Let i(y) = 2*y**2 - y + 2. What is the tens digit of i(s)?
3
Suppose -2*m - 16 = -m. Let s = -23 - m. Let h = 16 + s. What is the units digit of h?
9
Let d be (2/2)/((-1)/(-2)). Suppose 3*m - 4*l = 109, -d*m = -5*m + l + 106. Suppose 5*c + 0*c - m = 0. What is the units digit of c?
7
Let d be -4 + 13 + 0/(-2). Suppose 0 = 5*u - 6 - d. What is the units digit of u?
3
Let f(l) = l + 1. Let p be f(-4). What is the tens digit of (-204)/(-8)*(-2)/p?
1
Suppose -2*j = 4*h - 3*j - 899, -2*h + 455 = 5*j. What is the units digit of (6/5)/(10/h)?
7
Suppose -60 = -5*v + 40. Suppose 5*d + 4*i - 40 = 2*i, 0 = 4*i + v. Suppose j + 2*j - l = d, -2*j + 12 = 2*l. What is the units digit of j?
4
Let x = 8 - 5. Suppose -x*k = 2*k - 35. What is the units digit of k?
7
Let o(d) = 3*d - 2. What is the tens digit of o(4)?
1
Let c be 816/9 - 4/6. Let l = -59 + c. What is the units digit of l?
1
Let q be (-1)/(-3*2/30). Suppose -4*b - 98 = -3*n + n, 0 = 4*n + q*b - 209. What is the units digit of n?
1
Let h(g) = -g**3 + g**2. Let k be h(-1). Suppose 4 + 16 = -k*x. Let o(t) = t**3 + 9*t**2 - 13*t - 12. What is the units digit of o(x)?
8
Let o(b) be the second derivative of -b**5/20 - 17*b**4/12 - 17*b**3/6 + 19*b**2/2 - b. What is the units digit of o(-16)?
5
Let q be 6/(-15) - 2/(-5). Suppose q = n - 15 - 8. Let m = -10 + n. What is the units digit of m?
3
Let x(y) = -y + 5. Let o be x(0). Suppose o*a = a. Suppose q = -a*q + 6. What is the units digit of q?
6
What is the tens digit of (-10)/60 + (-4012)/(-24)?
6
Suppose -q = -2*q + 1. What is the units digit of -2 + (q - 4/(-2))?
1
What is the units digit of (-6 - -2) + 7 - -24?
7
Suppose -3*m + 715 = 8*m. What is the tens digit of m?
6
What is the tens digit of ((-1)/2)/((-7)/518)?
3
Let h(m) = 2*m + 5. Let y be -1*3/((-6)/14). What is the tens digit of h(y)?
1
Let s(z) = z**2 - 6*z - 3. Let j be s(7). Suppose i + h + 37 = j*i, -5*i + 3*h = -63. What is the units digit of i?
2
What is the tens digit of (38/(-2))/((-3)/15)?
9
Suppose 4*s + 0*s - 32 = 0. Suppose -j - 3*j + 4*q + 12 = 0, -j + 5*q = 9. Let z